{"id":147,"date":"2017-06-21T13:47:36","date_gmt":"2017-06-21T13:47:36","guid":{"rendered":"https:\/\/2017.rome.wordcamp.org\/?page_id=141"},"modified":"2018-09-06T17:59:59","modified_gmt":"2018-09-06T17:59:59","slug":"about","status":"publish","type":"page","link":"https:\/\/rome.wordcamp.org\/2018\/about\/","title":{"rendered":"About"},"content":{"rendered":"<p><em class=\"lang\">Italian text is followed by\u00a0English<\/em><\/p>\n<p class=\"ita\">Il<strong> WordCamp Roma 2018<\/strong> si terr\u00e0 il<strong> 15 settembre<\/strong> presso l&#8217;<a href=\"http:\/\/www.ingegneria.uniroma3.it\/?page_id=37\" target=\"_blank\" rel=\"noopener\"><strong>Universit\u00e0 Roma Tre Dipartimento di Ingegneria Informatica,<\/strong><\/a>\u00a0dalle ore 8:30.<\/p>\n<p>Il giorno prima, il <strong>14 settembre<\/strong>, ci incontreremo per il <em><strong>Contributor Day<\/strong><\/em> per contribuire alla nostra piattaforma preferita presso <strong><a href=\"http:\/\/luissenlabs.com\/\" target=\"_blank\" rel=\"noopener nofollow\">LUISS EnLabs,<\/a><\/strong>\u00a0dalle ore 10:00<\/p>\n<h2>Cos&#8217;\u00e8 il WordCamp Roma 2018?<\/h2>\n<p>Durante i WordCamp le community locali incontrano gli appassionati WordPress da tutto il mondo per condividere le proprie conoscenze e fare networking.<\/p>\n<p>Quella di settembre sar\u00e0 la seconda edizione del WordCamp Roma e se vuoi farti un&#8217;idea di cosa puoi aspettarti, <a href=\"https:\/\/2017.rome.wordcamp.org\/\">dai un&#8217;occhiata all&#8217;evento dell&#8217;anno scorso<\/a>.<\/p>\n<p><strong>WordCamp Roma<\/strong>\u00a0fa parte di una grande organizzazione globale. <a href=\"https:\/\/central.wordcamp.org\/about\/\" target=\"_blank\" rel=\"noopener\">Clicca qui per ulteriori informazioni sui WordCamp<\/a> e per vedere quelli in corso nella tua zona.<\/p>\n<h2>Come si svolger\u00e0 il WordCamp Roma 2018?<\/h2>\n<p>L&#8217;evento \u00e8 stato suddiviso in due giornate, la conferenza e il Contributor Day, per permettere a tutti gli iscritti di partecipare alla giornata che preferiscono, oppure a entrambe. Il biglietto ha prezzo unico e garantisce l&#8217;ingresso sia nella giornata di venerd\u00ec che nella giornata di sabato.<\/p>\n<h3>Venerd\u00ec 14 settembre 2018 &#8211; <em>Contributor Day<\/em><\/h3>\n<p><strong>Dove:<\/strong> via Marsala 29h, 00185 Roma, presso LUISS EnLabs<\/p>\n<p>Il <em>Contributor Day<\/em> \u00e8 una giornata molto importante per tutto l&#8217;ecosistema WordPress e permette ai volontari (ma anche ai semplici curiosi) di entrare in contatto e svolgere assieme le attivit\u00e0 che hanno reso cos\u00ec grande questa piattaforma.<\/p>\n<h3>Sabato 15 settembre 2018 &#8211; Conferenza<\/h3>\n<p><strong>Dove: <\/strong>v<span class=\"_Xbe\">ia Vito Volterra, 62, 00146 Roma, presso il Dipartimento di Ingegneria dell&#8217;Universit\u00e0 Roma Tre<br \/>\n<\/span><\/p>\n<p>La conferenza \u00e8 il fulcro di qualsiasi WordCamp. In questa giornata si terranno tutte le presentazioni degli speaker e ci saranno molte occasioni per fare networking con gli altri partecipanti.<\/p>\n<h2>Chi pu\u00f2 partecipare al WordCamp Roma 2018?<\/h2>\n<p>Il programma del WordCamp \u00e8 pensato per tutti gli utenti di WordPress: blogger, creatori di contenuti, designer, SEO, marketer e sviluppatori.<\/p>\n<p>Nato sull&#8217;impulso di tanti professionisti del web, \u00e8 comunque \u00e8 un evento adatto anche agli utenti alle prime armi e pu\u00f2 essere molto interessante per gli insegnanti e i loro studenti.<\/p>\n<p>Insomma, niente scuse, il <strong>WordCamp Roma 2018<\/strong> \u00e8\u00a0perfetto per te!<\/p>\n<hr \/>\n<p class=\"eng\">The<strong> WordCamp Rome 2018<\/strong> will be held on September 15th at <a href=\"http:\/\/www.ingegneria.uniroma3.it\/?page_id=37\" target=\"_blank\" rel=\"noopener\"><strong>Roma Tre University Department of Computer Engineering<\/strong><\/a>\u00a0but\u00a0we will also meet on September 14th for the\u00a0<strong>Contributor Day<\/strong>\u00a0at <strong><a href=\"http:\/\/luissenlabs.com\/\" target=\"_blank\" rel=\"noopener nofollow\">LUISS EnLabs<\/a><\/strong>.<\/p>\n<h2>What is WordCamp Rome 2018?<\/h2>\n<p>During WordCamps the local communities meet other WordPress enthusiasts from all around the world to share their knowledge and to do some networking.<\/p>\n<p>In September you can join the second edition of WordCamp Rome and if you want to get an idea of what you can expect, <a href=\"https:\/\/2017.rome.wordcamp.org\/\">have a look at the 2017 edition<\/a>.<\/p>\n<p><strong>WordCamp Rome<\/strong> is part of a larger WordCamp organization.\u00a0<a href=\"https:\/\/central.wordcamp.org\/about\/\" target=\"_blank\" rel=\"noopener\">Click here to learn about WordCamps<\/a>\u00a0and see which ones are going on in your area.<\/p>\n<h2>How will WordCamp Rome 2018 be held?<\/h2>\n<p>The event has been divided into two days to allow all participants to attend the day they prefer or even both days. The ticket has a single price and guarantees the entry to both days.<\/p>\n<h2>Friday, September 14, 2018 &#8211; Contributor Day<\/h2>\n<p><strong>Where:<\/strong> via Marsala, 29h, 00185 Roma RM, at LUISS EnLabs<\/p>\n<p>The Contributor Day is a very important day in the WordPress ecosystem and allows volunteers (but also just curious ones) to get in touch and carry out activities that have made this platform so great.<\/p>\n<h2>Saturday, September 15, 2018 &#8211; Conference<\/h2>\n<p><strong>Where:<\/strong> v<span class=\"_Xbe\">ia Vito Volterra, 62, 00146 Roma, <\/span>at Roma Tre University &#8211; Department of Computer Engineering<\/p>\n<p>The conference is the fulcrum of any WordCamp. On this day all speakers presentations will be held and there will be many opportunities to do networking with all the participants.<\/p>\n<h2>Who can participate in WordCamp Rome 2018?<\/h2>\n<p>It has a full schedule lined up for WordPress users, bloggers, content creators, SEO, designers, marketing folks, and developers.<\/p>\n<p>This event is great also for teachers, students and for those working on the web but even if you are a first-time WordPress user.<\/p>\n<p>You really have no excuses, <strong>WordCamp Rome 2018<\/strong> is perfect for you!<\/p>\n","protected":false},"excerpt":{"rendered":"<p>Italian text is followed by\u00a0English Il WordCamp Roma 2018 si terr\u00e0 il 15 settembre presso l&#8217;Universit\u00e0 Roma Tre Dipartimento di Ingegneria Informatica,\u00a0dalle ore 8:30. Il giorno prima, il 14 settembre, ci incontreremo per il Contributor Day per contribuire alla nostra piattaforma preferita presso LUISS EnLabs,\u00a0dalle ore 10:00 Cos&#8217;\u00e8 il WordCamp Roma 2018? Durante i WordCamp &hellip; <\/p>\n<p class=\"link-more\"><a href=\"https:\/\/rome.wordcamp.org\/2018\/about\/\" class=\"more-link\">Leggi tutto<span class=\"screen-reader-text\"> &#8220;About&#8221;<\/span><\/a><\/p>\n","protected":false},"author":306029,"featured_media":673,"parent":0,"menu_order":0,"comment_status":"closed","ping_status":"closed","template":"","meta":{"jetpack_post_was_ever_published":false,"footnotes":""},"class_list":["post-147","page","type-page","status-publish","has-post-thumbnail","hentry"],"jetpack_sharing_enabled":true,"jetpack_shortlink":"https:\/\/wp.me\/P9XPAE-2n","_links":{"self":[{"href":"https:\/\/rome.wordcamp.org\/2018\/wp-json\/wp\/v2\/pages\/147","targetHints":{"allow":["GET"]}}],"collection":[{"href":"https:\/\/rome.wordcamp.org\/2018\/wp-json\/wp\/v2\/pages"}],"about":[{"href":"https:\/\/rome.wordcamp.org\/2018\/wp-json\/wp\/v2\/types\/page"}],"author":[{"embeddable":true,"href":"https:\/\/rome.wordcamp.org\/2018\/wp-json\/wp\/v2\/users\/306029"}],"replies":[{"embeddable":true,"href":"https:\/\/rome.wordcamp.org\/2018\/wp-json\/wp\/v2\/comments?post=147"}],"version-history":[{"count":12,"href":"https:\/\/rome.wordcamp.org\/2018\/wp-json\/wp\/v2\/pages\/147\/revisions"}],"predecessor-version":[{"id":3286,"href":"https:\/\/rome.wordcamp.org\/2018\/wp-json\/wp\/v2\/pages\/147\/revisions\/3286"}],"wp:featuredmedia":[{"embeddable":true,"href":"https:\/\/rome.wordcamp.org\/2018\/wp-json\/"}],"wp:attachment":[{"href":"https:\/\/rome.wordcamp.org\/2018\/wp-json\/wp\/v2\/media?parent=147"}],"curies":[{"name":"wp","href":"https:\/\/api.w.org\/{rel}","templated":true}]}}